{"id":6,"date":"2021-02-10T13:51:55","date_gmt":"2021-02-10T13:51:55","guid":{"rendered":"https:\/\/sabrina-winter.at\/wordpress\/?page_id=6"},"modified":"2021-03-04T17:09:44","modified_gmt":"2021-03-04T17:09:44","slug":"ueber-uns","status":"publish","type":"page","link":"https:\/\/sabrina-winter.at\/wordpress\/?page_id=6","title":{"rendered":"\u00dcber Sabrina"},"content":{"rendered":"\n<p>Sabrina Winter wurde am 4.1.1984 als Sabrina Rasztovits in Oberpullendorf im mittleren Burgenland geboren. Dort besuchte sie auch die Volkschule und die damals so bezeichnete Hauptschule. Danach besuchte sie das BORG Wiener Neustadt mit Musikschwerpunkt.<\/p>\n\n\n\n<figure class=\"wp-block-image size-large\"><img loading=\"lazy\" width=\"1024\" height=\"682\" src=\"https:\/\/sabrina-winter.at\/wordpress\/wp-content\/uploads\/2021\/02\/WhatsApp-Image-2021-01-31-at-22.00.09-1-1024x682.jpeg\" alt=\"\" class=\"wp-image-45\" srcset=\"https:\/\/sabrina-winter.at\/wordpress\/wp-content\/uploads\/2021\/02\/WhatsApp-Image-2021-01-31-at-22.00.09-1-1024x682.jpeg 1024w, https:\/\/sabrina-winter.at\/wordpress\/wp-content\/uploads\/2021\/02\/WhatsApp-Image-2021-01-31-at-22.00.09-1-300x200.jpeg 300w, https:\/\/sabrina-winter.at\/wordpress\/wp-content\/uploads\/2021\/02\/WhatsApp-Image-2021-01-31-at-22.00.09-1-768x512.jpeg 768w, https:\/\/sabrina-winter.at\/wordpress\/wp-content\/uploads\/2021\/02\/WhatsApp-Image-2021-01-31-at-22.00.09-1-1536x1023.jpeg 1536w, https:\/\/sabrina-winter.at\/wordpress\/wp-content\/uploads\/2021\/02\/WhatsApp-Image-2021-01-31-at-22.00.09-1-1568x1045.jpeg 1568w, https:\/\/sabrina-winter.at\/wordpress\/wp-content\/uploads\/2021\/02\/WhatsApp-Image-2021-01-31-at-22.00.09-1.jpeg 1600w\" sizes=\"(max-width: 1024px) 100vw, 1024px\" \/><\/figure>\n\n\n\n<p>Nach der Reifepr\u00fcfung begann sie die Studien der Musik,- und Theaterwissenschaften. Der Praxisbezug fehlte ihr jedoch und somit beschloss sie IGP Jazzgesang am Franz Schubert Konservatorium zu studieren. Fr\u00fch bemerkte sie die Freude am Unterrichten. Der erste Lehrauftrag erfolgte im Alter von 21 Jahren an der Musikschule in Katzelsdorf in Nieder\u00f6sterreich. Weiters unterrichtet sie an der Yamaha Music School in Wien, Gesang und an der Musikschule Scheiblingkirchen als Lehrerin f\u00fcr Gitarrenanf\u00e4nger. Seit 2008 unterrichtet sie am Gymnasium Kurzwiese in Eisenstadt die F\u00e4cher Musikerziehung und Stimmbildung und Chor.<\/p>\n","protected":false},"excerpt":{"rendered":"<p>Sabrina Winter wurde am 4.1.1984 als Sabrina Rasztovits in Oberpullendorf im mittleren Burgenland geboren. Dort besuchte sie auch die Volkschule und die damals so bezeichnete Hauptschule. Danach besuchte sie das BORG Wiener Neustadt mit Musikschwerpunkt. Nach der Reifepr\u00fcfung begann sie die Studien der Musik,- und Theaterwissenschaften. Der Praxisbezug fehlte ihr jedoch und somit beschloss sie&hellip; <a class=\"more-link\" href=\"https:\/\/sabrina-winter.at\/wordpress\/?page_id=6\"><span class=\"screen-reader-text\">\u00dcber Sabrina<\/span> weiterlesen<\/a><\/p>\n","protected":false},"author":1,"featured_media":0,"parent":0,"menu_order":0,"comment_status":"closed","ping_status":"closed","template":"","meta":[],"_links":{"self":[{"href":"https:\/\/sabrina-winter.at\/wordpress\/index.php?rest_route=\/wp\/v2\/pages\/6"}],"collection":[{"href":"https:\/\/sabrina-winter.at\/wordpress\/index.php?rest_route=\/wp\/v2\/pages"}],"about":[{"href":"https:\/\/sabrina-winter.at\/wordpress\/index.php?rest_route=\/wp\/v2\/types\/page"}],"author":[{"embeddable":true,"href":"https:\/\/sabrina-winter.at\/wordpress\/index.php?rest_route=\/wp\/v2\/users\/1"}],"replies":[{"embeddable":true,"href":"https:\/\/sabrina-winter.at\/wordpress\/index.php?rest_route=%2Fwp%2Fv2%2Fcomments&post=6"}],"version-history":[{"count":3,"href":"https:\/\/sabrina-winter.at\/wordpress\/index.php?rest_route=\/wp\/v2\/pages\/6\/revisions"}],"predecessor-version":[{"id":119,"href":"https:\/\/sabrina-winter.at\/wordpress\/index.php?rest_route=\/wp\/v2\/pages\/6\/revisions\/119"}],"wp:attachment":[{"href":"https:\/\/sabrina-winter.at\/wordpress\/index.php?rest_route=%2Fwp%2Fv2%2Fmedia&parent=6"}],"curies":[{"name":"wp","href":"https:\/\/api.w.org\/{rel}","templated":true}]}}

Über Sabrina

<p>Sabrina Winter wurde am 4.1.1984 als Sabrina Rasztovits in Oberpullendorf im mittleren Burgenland geboren. Dort besuchte sie auch die Volkschule und die damals so bezeichnete Hauptschule. Danach besuchte sie das BORG Wiener Neustadt mit Musikschwerpunkt.</p>



<figure class="wp-block-image size-large"><img loading="lazy" width="1024" height="682" src="https://sabrina-winter.at/wordpress/wp-content/uploads/2021/02/WhatsApp-Image-2021-01-31-at-22.00.09-1-1024x682.jpeg" alt="" class="wp-image-45" srcset="https://sabrina-winter.at/wordpress/wp-content/uploads/2021/02/WhatsApp-Image-2021-01-31-at-22.00.09-1-1024x682.jpeg 1024w, https://sabrina-winter.at/wordpress/wp-content/uploads/2021/02/WhatsApp-Image-2021-01-31-at-22.00.09-1-300x200.jpeg 300w, https://sabrina-winter.at/wordpress/wp-content/uploads/2021/02/WhatsApp-Image-2021-01-31-at-22.00.09-1-768x512.jpeg 768w, https://sabrina-winter.at/wordpress/wp-content/uploads/2021/02/WhatsApp-Image-2021-01-31-at-22.00.09-1-1536x1023.jpeg 1536w, https://sabrina-winter.at/wordpress/wp-content/uploads/2021/02/WhatsApp-Image-2021-01-31-at-22.00.09-1-1568x1045.jpeg 1568w, https://sabrina-winter.at/wordpress/wp-content/uploads/2021/02/WhatsApp-Image-2021-01-31-at-22.00.09-1.jpeg 1600w" sizes="(max-width: 1024px) 100vw, 1024px" /></figure>



<p>Nach der Reifeprüfung begann sie die Studien der Musik,- und Theaterwissenschaften. Der Praxisbezug fehlte ihr jedoch und somit beschloss sie IGP Jazzgesang am Franz Schubert Konservatorium zu studieren. Früh bemerkte sie die Freude am Unterrichten. Der erste Lehrauftrag erfolgte im Alter von 21 Jahren an der Musikschule in Katzelsdorf in Niederösterreich. Weiters unterrichtet sie an der Yamaha Music School in Wien, Gesang und an der Musikschule Scheiblingkirchen als Lehrerin für Gitarrenanfänger. Seit 2008 unterrichtet sie am Gymnasium Kurzwiese in Eisenstadt die Fächer Musikerziehung und Stimmbildung und Chor.</p>

<p>Sabrina Winter wurde am 4.1.1984 als Sabrina Rasztovits in Oberpullendorf im mittleren Burgenland geboren. Dort besuchte sie auch die Volkschule und die damals so bezeichnete Hauptschule. Danach besuchte sie das BORG Wiener Neustadt mit Musikschwerpunkt. Nach der Reifeprüfung begann sie die Studien der Musik,- und Theaterwissenschaften. Der Praxisbezug fehlte ihr jedoch und somit beschloss sie&hellip; <a class="more-link" href="https://sabrina-winter.at/wordpress/?page_id=6"><span class="screen-reader-text">Über Sabrina</span> weiterlesen</a></p>
